-3*c + 2*m + 155. Calculate the remainder when c is divided by 13.
11
What is the remainder when 68 is divided by (-6)/(11/4 + -3)?
20
Let j = -3 + 11. Calculate the remainder when 23 + 6/3 + -2 is divided by j.
7
Let i(g) = -g**2 - 19*g - 34. Calculate the remainder when 99 is divided by i(-7).
49
Let t(o) be the second derivative of o**4/12 + 5*o**3/3 + 11*o**2/2 + 3*o. Calculate the remainder when 31 is divided by t(-10).
9
Suppose 0*t + 21 = 3*t. Suppose -4*f + 0*u = -2*u + 2, 5*u - 15 = 5*f. Let r(v) = v**2 - 1. What is the remainder when t is divided by r(f)?
1
What is the remainder when 15 - (-5)/((-10)/(-8)) is divided by 8?
3
Let q = -30 + 56. Calculate the remainder when 101 is divided by q.
23
Let p = 19 - -10. Suppose 176 = 4*l - k, -l = -2*k - 8 - p. What is the remainder when l is divided by 16?
13
Let h = 2 - 7. Let v(t) = -t**3 - 7*t**2 + 7*t - 5. Let l be v(-8). What is the remainder when (h/l)/(1/(-3)) is divided by 3?
2
Suppose 4*s - 100 = 2*j - 6*j, -s + 3*j = -5. Calculate the remainder when 2/((12/177)/2) is divided by s.
19
What is the remainder when 94 is divided by ((-18)/(-12))/(15/160)?
14
Let x(i) = i**2 + 2*i - 3. Let k = -98 + 109. What is the remainder when x(5) is divided by k?
10
Suppose -4*t - 190 = -562. Calculate the remainder when t is divided by 32.
29
Suppose -2*m + 3 - 1 = 0. Suppose -8 - 7 = -5*d. What is the remainder when d is divided by m?
0
Let g(p) = 11*p - 3. Let x = 3 + 2. Calculate the remainder when g(1) is divided by x.
3
Let r be ((-21)/(-6))/(1/2). Suppose -3*n + 53 = -r. Let w(l) = -l**2 + 23*l - 65. What is the remainder when n is divided by w(19)?
9
Let n be (-4 - 2)*10/(-15). Suppose n*j - 81 = 3*c, 17 + 0 = j - 4*c. Let l = -6 - -17. Calculate the remainder when j is divided by l.
10
What is the remainder when (0 + 2)*(-69)/(-6) is divided by 12?
11
Let n be ((0/3)/(-2))/(-2). Let t = 6 + n. Suppose -q = -t - 17. What is the remainder when q is divided by 8?
7
Let g(k) = 2*k**2 - 5*k - 1. Suppose -3*v + 2*v + 4 = 0. Let a(z) = 33*z**2 + 2*z. What is the remainder when a(-1) is divided by g(v)?
9
What is the remainder when 35 is divided by (-880)/(-50) - 2/(-5)?
17
Let y = -8 + 12. What is the remainder when ((-12)/y)/1*-18 is divided by 19?
16
Calculate the remainder when 15/(-10) + (-1062)/(-12) is divided by (20/3)/(4/18).
27
Let j = -4 - -9. Suppose -51 = -j*k - 11. Suppose -4*z - 5*a = -10*a - 41, -30 = -3*z + 4*a. Calculate the remainder when z is divided by k.
6
Suppose -6*m + 6 = -3*m. Let c(p) = 2*p**2 - 2*p - 2. Let k be c(m). What is the remainder when 28 is divided by 2 + 1 - (-24)/k?
13
Let q(u) = -u + 5. Let k be q(9). Let f = 1 - k. Suppose -f*b + 23 = 3*t - 0*b, -2*t - b = -27. Calculate the remainder when t is divided by 6.
4
What is the remainder when 12/66 - 436/(-22) is divided by 11?
9
Suppose 3*y + 2*y - f - 45 = 0, 0 = y - f - 5. Calculate the remainder when 19 is divided by y.
9
Suppose -5*g = 4*x + 9, -4*x - 2*g + 5*g = -31. Suppose x*h + 70 = 9*h. What is the remainder when 40 is divided by h?
12
Suppose -p - 4*p = -25. Calculate the remainder when 19 is divided by p.
4
Suppose -132 = 3*v - 9*v. Calculate the remainder when 43 is divided by v.
21
Suppose 3*w - 5*l = -w + 17, 3*w - 4*l - 13 = 0. Suppose -358 = 5*y - 103. Calculate the remainder when w/6 - y/2 is divided by 9.
8
Let k(l) = -l**3 + 10*l**2 + l - 12. Let z be k(10). Let b = z - -12. Calculate the remainder when 28 is divided by b.
8
Calculate the remainder when 92 is divided by 1 - 2 - (-2)/4*66.
28
Let z = 13 + 11. Suppose -2*g = -t - 64, 24 = 2*g - 5*t - z. Suppose -3*l - 12 = -4*l. What is the remainder when g is divided by l?
10
Suppose 5*y = 9 + 16, -2*y + 50 = 5*a. Suppose 3*c - 15 = -3*l, 5*l - 1 = 3*c + a. Suppose -2*q + 1 + 3 = 0. What is the remainder when l is divided by q?
1
Suppose 0*v + 19 = v. Suppose 3*w - 3 = 6, 4*i - 4*w - 208 = 0. What is the remainder when i is divided by v?
17
Suppose 0*w = -4*w + 24. Let l(v) = -2*v - 2*v**2 - w + 0*v**3 - v**3 + 1 + 2*v**3. What is the remainder when 56 is divided by l(4)?
18
Suppose x - 5*p - 16 = 0, -10 - 17 = -2*x + 5*p. What is the remainder when 30 is divided by x?
8
Let c be 6/3 + 1 + -3. Let t = c - -1. What is the remainder when 1 is divided by t?
0
Let q(y) = -y**2 + 4*y + 4. Let w be q(4). Let a(k) = 3*k**2 - 3*k + 4. Calculate the remainder when a(w) is divided by 21.
19
Let r(x) = 2*x**3 - x**2 - x - 2. Let k be r(2). Let m = k - -17. What is the remainder when m is divided by 13?
12
Suppose -5*t = 3*d - 25, 0*d + 4*d - 42 = 2*t. Suppose 4*v = 3*m + d - 87, 4*m - 66 = -2*v. Let f = 4 - -3. What is the remainder when m is divided by f?
5
Let f(w) = -w - 1. Let p be f(3). Let x = p - -10. Let b = 25 - 14. What is the remainder when b is divided by x?
5
Suppose -4*v = -a - 33, 2*a = a + 5*v - 38. Let o = 26 + a. Calculate the remainder when 1*-2 - (0 + -39) is divided by o.
11
Suppose -2*r = -u - 11 - 29, 5*u = -20. Suppose -5*o - 48 = -4*h, 2*o + 2*o = h - 1. Let l = 52 - h. Calculate the remainder when l is divided by r.
17
Let i(p) = -7*p + 5. What is the remainder when (-13 + 16)*101/3 is divided by i(-3)?
23
Let z(r) = r**3 - 3*r**2 - 7*r + 5. Suppose -7*s + 4 = -6*s. Suppose 3*a + 0*a - 5 = j, s*a - 23 = -j. Calculate the remainder when z(5) is divided by j.
6
Let m = -26 + 4. Let n = -5 - m. What is the remainder when n is divided by 6?
5
Suppose 0*f = -f - 4*v + 32, 4*f = -4*v + 152. Calculate the remainder when f is divided by 14.
12
Let g = -1 - -3. Suppose -8 = j - 0*p - g*p, -3*p = -2*j - 11. Suppose -j = -2*w + 2. Calculate the remainder when w is divided by 1.
0
Let c(i) = i. Let y be c(-4). Let m be ((-2)/y)/(2/16). Suppose 14 = 2*l - 4*b, 5*l - m*b = -5*b + 57. What is the remainder when 21 is divided by l?
10
What is the remainder when (-632)/(-9) - 16/72 is divided by 18?
16
Let n(a) be the second derivative of -a**4/12 + 11*a**3/6 + 13*a**2 - 7*a. Suppose -o = -0*o - 7. What is the remainder when n(11) is divided by o?
5
What is the remainder when (1 - 4/(-4))*73/1 is divided by 50?
46
Let f(y) = -y**2 - 7*y - 7. Suppose 4*z + 18 = -3*b + 6, 3*z - 5*b = 20. Suppose -5*m + 8 + 82 = z. What is the remainder when m is divided by f(-3)?
3
Suppose 5*g = 101 + 249. What is the remainder when 13/78 + g/12 is divided by 3?
0
Suppose 0 = -5*p - 5*n + 15, -3*p + n + 2 = -11. Calculate the remainder when 5 is divided by p.
1
Suppose -b + 4*b - 18 = 0. Calculate the remainder when 22 is divided by b.
4
Let t(m) = m**3 - 7*m**2 - 6*m + 2. What is the remainder when 124 is divided by t(8)?
16
Let d = -42 - -30. Let y = -7 - d. Let k(t) = -t**2 - 5*t + 3. What is the remainder when y is divided by k(-5)?
2
Suppose n - 4*u - 39 = 0, 0*u = -2*n - u + 114. Let o = n + -14. Let y(w) = w**2 - w + 2. What is the remainder when o is divided by y(4)?
13
Let i = -70 - -138. What is the remainder when i is divided by 18?
14
Let y = 50 + -89. Let a = y + 64. What is the remainder when 74 is divided by a?
24
Suppose -2*q + 1 + 17 = 0. Let n(p) = -4*p - 3. What is the remainder when n(-7) is divided by q?
7
Suppose -3*y + 0*y + 12 = 0. Suppose y*g - 20 = 0, -g = -3*x - 2*g + 14. Calculate the remainder when x is divided by 2.
1
Suppose 0 = 4*h - 20 - 0. Suppose h*z + 10 = -0*z. Calculate the remainder when 43 is divided by 2/(0 - z)*11.
10
Let k = 18 - -99. Suppose 3*z - k = -3*b + 5*z, b = -2*z + 39. What is the remainder when b is divided by 14?
11
Let g = 9 - 6. Calculate the remainder when (-2)/3 - (-44)/g is divided by 4.
2
Suppose 2*l + 166 = 5*o, 0*o + 3*l - 151 = -5*o. What is the remainder when 93 is divided by o?
29
Suppose -4*y = -5*n - 187, -5*y + 188 = -y - 4*n. Suppose 3*c = 3*b + y, -c = b - 9 + 33. What is the remainder when 28 is divided by (1 - 3)*150/b?
13
Let y = 0 + 5. Let m be -4 + 2 - 6*-1. What is the remainder when 3 is divided by 5/(y/m) - 2?
1
Let x = -2 + 27. Suppose 5*s - x = -0*s. Calculate the remainder when 8 is divided by s.
3
Suppose 4*g - 20 = -4*a, -g + a + 4 = 1. Suppose h - g = -0*h. Suppose 12 = -h*w, -5*s + w = -8 - 5. Calculate the remainder when s is divided by 2.
0
Let q = 170 - 96. Calculate the remainder when q is divided by 19.
17
Let t(d) = -6*d - 5. What is the remainder when 39 is divided b